et b be 1/3 + (-68)/(-12). What is the remainder when 118 + -9 + 0/(-8) is divided by (b/4)/(18/192)?
13
Let i = -97 + 99. Let w(f) = -4*f - 24 - 26*f**i + 14*f**2 + 14*f**2. What is the remainder when 95 is divided by w(6)?
23
Calculate the remainder when 4390 is divided by (-96)/(-22)*(-1276)/(-232).
22
Let s be (4/8)/((-21)/714). Let k(z) = 4*z + 12. Let w(a) = -9*a - 25. Let l(y) = -5*k(y) - 2*w(y). Calculate the remainder when 68 is divided by l(s).
20
Let b(v) = -7*v**2 - 160*v + 5*v**2 - 46 + 110*v. Calculate the remainder when 56 is divided by b(-23).
10
Let m be (666/39)/6 - (-4)/26. Suppose -8*c + 165 = m*c. Suppose -c = -3*p + 12. Calculate the remainder when 79 is divided by p.
7
Let n(j) = 2*j**3 - 3*j + 4. Let l(x) = x - 1. Let w(y) = -2*l(y) - n(y). What is the remainder when w(-3) is divided by 13?
10
Let m be 5*(-3 + (-147)/(-15)). Let d = m + -29. Suppose -4*r + 5*a = -45, 2*a - a - 78 = -d*r. What is the remainder when 87 is divided by r?
12
Let p(j) = -j**3 + 22*j**2 - 24*j + 82. Let s be p(19). Suppose -181 = -5*w + s. What is the remainder when w is divided by 6?
4
Suppose 59 = -g + 5*a, -3*a = 5*g - 5*a + 295. Let v = g - -71. Suppose 0 = -9*r + 5*r + 280. Calculate the remainder when r is divided by v.
10
Let d be (-6 - -3) + 7 + 4. Let h be (-24)/4*(-4)/d. Suppose -2*q + 47 = -h*j - 0*j, -5*q + 123 = -2*j. What is the remainder when 49 is divided by q?
24
Let t(a) = -36 - a**2 - 2*a**2 + 4*a + 18 - 84*a. Let h = -61 - -123. Calculate the remainder when h is divided by t(-26).
28
Suppose -133*q - 5387 = -151*q + 2353. What is the remainder when q is divided by 16?
14
Let o(c) = -7*c - 2. Suppose 7*u - 108 = 6*u. Let m = 113 - u. What is the remainder when o(-4) is divided by m?
1
Let j(w) = w**2 + 3*w + 6. Let r be j(-6). Let f = r - 8. Let m(t) = 16*t**2 - 108*t - 150. Calculate the remainder when f is divided by m(8).
6
Let l = 89 + 20. Let i be -5 + 54/6 + -5 + -657. Let t = -651 - i. Calculate the remainder when l is divided by t.
4
Suppose -3*j - 5*u + 134 = -417, -5*u + 935 = 5*j. Let h(c) = 46*c + 19. Calculate the remainder when j is divided by h(1).
62
Let g = 3280 + -2995. Calculate the remainder when g is divided by 64.
29
Let m(a) = -a**3 - 16*a**2 - 23*a - 30. Let x be m(-15). Let f = x + -88. Suppose 0 = 3*j - 2*j - 5. What is the remainder when j is divided by f?
1
Let p = 66 + -60. Suppose -4*x - 2*n = -p, 5 - 15 = 2*n. Suppose 5*s + 25 = 0, 3*w - 7 = 2*s + 9. Calculate the remainder when x is divided by w.
0
Suppose 30*a - 22*a - 40 = 0. Suppose 4*l + 28 = 3*o, -a*o - l + 12 = l. Calculate the remainder when 23 is divided by o.
3
Let s(n) = -4*n - 71. Let j be s(0). Let u = j - -71. Suppose -10*x + 7*x + 345 = u. Calculate the remainder when x is divided by 30.
25
Let m(r) = -r**3 - 25*r**2 - 22*r + 12. Let k be m(-24). Let l = 37 + k. Calculate the remainder when -3*(l + -2) + 32 is divided by 12.
11
What is the remainder when (181 - -1870)*16/7 is divided by 40?
8
Let w = -531 + 1675. Suppose 4*t = 4*q + w, -2*t + 1418 = 3*t - 2*q. Calculate the remainder when t is divided by 71.
69
Suppose 14*r = 61 + 93. Suppose 52*x - 336 - 1328 = 0. Calculate the remainder when x is divided by r.
10
Let h(k) = -2*k - 18. Let z be h(-10). Suppose 0 = -5*i - 3*t + 413, z*i - 12*t + 16*t = 154. Calculate the remainder when i is divided by 55.
30
Let o(v) = 6*v**2 - 523*v + 659. What is the remainder when 3418 is divided by o(86)?
55
Suppose -25 = 17*n - 12*n, c = -5*n + 476. What is the remainder when c is divided by 58?
37
Suppose n = f - 587, 3*n + 107 = -3*f + 1832. Calculate the remainder when f is divided by 45.
41
Suppose -4*n + 3*n = 5*s + 342, -3*n = 4*s + 267. Let q = s + 70. Calculate the remainder when 9 is divided by (-8 - -7)/(2*q/(-16)).
1
Suppose 306 = 2*f + 5*c, 0 = 5*f + 5*c - 408 - 357. Calculate the remainder when f is divided by (-3 + 1)*(-22)/4.
10
Suppose 10*t - 284 = 16. What is the remainder when 3659 is divided by t?
29
Suppose 1480 = -0*o + 5*o. Suppose 2*q + o = 10*q. Suppose -q*i + 34*i = -33. Calculate the remainder when 54 is divided by i.
10
Suppose 0 = -6*k + 29032 - 29008. What is the remainder when 193 is divided by k?
1
Suppose -40*v = -36*v. Let w(q) = -q**3 - 4*q**2 + 741. What is the remainder when w(v) is divided by 53?
52
What is the remainder when 80/8*(-10 + (-20779)/(-55)) is divided by 1217?
27
Let g(t) = t**3 - t + 4. Let i be g(2). Suppose 13*z = 12*z + i. Suppose 0 = -j + z. What is the remainder when 19 is divided by j?
9
What is the remainder when 804/132 + 2/(-22) - (14 - 812) is divided by 185?
64
Suppose 2 + 15 = u. Let j(b) = -b**3 - 14*b**2 - b - 41. Let w be j(-14). Calculate the remainder when 6/w + (-3924)/(-162) is divided by u.
7
Calculate the remainder when 29295/36 - (-3)/12 - -7 is divided by 4.
1
Let j be (-3 - 3/(-3))*1 - -6. Suppose 10 = 2*v, l = -j*l + 5*v + 1265. What is the remainder when l is divided by 65?
63
What is the remainder when 374 is divided by -1 + 1 - ((-12)/114 - 41016/228)?
14
Let l(w) = -w**2 + 1. Let o(s) = -3*s**2 - 10*s + 17. Let u(v) = -l(v) + o(v). Suppose 6*r - 5 = 25. What is the remainder when r is divided by u(-6)?
1
Suppose 0 = -60*x + 2014 + 2846. Let g = 67 + -37. What is the remainder when x is divided by g?
21
Let n = 55 - 25. Let j = 16 - n. Calculate the remainder when 127 is divided by (-207)/(-21) + (-2)/j.
7
Let z(t) = -18*t**2 - 1014*t - 329. Suppose 0*o = 5*o - 725. Calculate the remainder when o is divided by z(-56).
5
What is the remainder when 15/(-27) - (-106314)/27 is divided by 11?
10
What is the remainder when (114 + -541)*(-2)/7 is divided by 33?
23
Suppose 3 = -2*p - 5*g - 32, 4*p + 59 = g. Calculate the remainder when 159 is divided by 10/p - (-3)/((-45)/(-520)).
23
Let a(v) = -4*v**3 + 2*v**2 + 28*v + 134. Calculate the remainder when a(-7) is divided by 468.
4
Suppose 3*m - 167 + 14 = 0. Let v(u) = 9*u + 0*u + 5 + m*u**2 - 7*u. What is the remainder when v(-2) is divided by 26?
23
Suppose 5*q = -3*p + 30, -44*p - q = -47*p + 30. Calculate the remainder when 1587 is divided by p.
7
Let b(a) = -5*a - 33. Let g = -193 + 170. What is the remainder when b(g) is divided by 15?
7
Suppose -658 = -2*v + 2*g, 5*v + g - 1031 - 584 = 0. Suppose -v - 36 = -10*m. Calculate the remainder when m is divided by 19.
17
Let b(q) = 14*q**2 + 49*q + 179. Let k be b(-4). Suppose 0 = 11*v - 794 - k. What is the remainder when v is divided by 17?
6
Let f(t) = 6*t - 2. Calculate the remainder when f(6) is divided by (-3)/(-12) + (-150 - -147 - (-51)/4).
4
Let f(o) = 4*o - 4. Let x = 209 - 227. Calculate the remainder when 14/(-63) + 50/x + 74 is divided by f(4).
11
Let f = -1800 - -3304. Calculate the remainder when 99 is divided by (f/141)/(-1 - 8/(-6)).
3
Let y(s) = s**2 + 2*s + 1. Suppose 0 = -212*t + 36145 - 29997. Calculate the remainder when t is divided by y(-5).
13
Suppose -14 = -2*b + 46. Suppose 18*r = 15*r + 9, b = 3*d + 3*r. What is the remainder when 104 is divided by d?
6
Let r(i) = 3948*i + 8*i**2 - 3947*i + 1 - 8 + i**3. Calculate the remainder when r(-6) is divided by 9.
5
Suppose 53*y - 49*y = -4*g - 4, 5*g - 40 = 4*y. Calculate the remainder when 590 is divided by g.
2
Suppose 2*i - 2*i + 224 = 7*i. Calculate the remainder when i is divided by 14.
4
Suppose -5*c + 2*x = -27, -7 = -0*c - c + 2*x. Suppose 4*z + c*g + 5 = 40, -5*g = -15. Calculate the remainder when 6 is divided by z.
1
Suppose 4*k = -5*o + 3, 0*k = -4*k + 2*o - 18. Let v = k + 8. Let n(m) = 8*m - 5. What is the remainder when n(v) is divided by 3?
2
Suppose -34*u + 1852 = -1276. Suppose 0 = -8*r + 650 + 814. What is the remainder when r is divided by u?
91
Calculate the remainder when 17572/26 + -25*(-50)/8125 is divided by 666.
10
Let a be (42/(-18) - -3)*-18. Calculate the remainder when (-9 - -3)*314/a is divided by 2/(-9) + 546/27.
17
Let r = -1971 - -1976. Calculate the remainder when (-136)/(-24)*1*3 is divided by r.
2
Let k = 23 + -19. Suppose -k*t + 0*t = -32. Calculate the remainder when (-8 + 9)/(3/66) is divided by t.
6
Let f be ((-246)/(-12) - -4)/(4/(-8)). What is the remainder when 83 is divided by 622/20 - f/(-490)?
21
Suppose 0 = 69*n + 419 - 13943. What is the remainder when 366 is divided by n?
170
Calculate the remainder